d by i?
5
Suppose -385 = -7*t + 3*t - 3*y, -5*y - 296 = -3*t. Suppose 2*s - t = -33. What is the remainder when s is divided by 11?
10
Let n = -77 - -86. Let u(b) = b**3 - 9*b**2 - 2*b + 20. What is the remainder when u(n) is divided by 1?
0
Suppose -9*x - 5*z - 49 = -13*x, 2*z + 74 = 5*x. What is the remainder when 943 is divided by x?
15
Let x = 614 + -582. What is the remainder when 57 is divided by x?
25
Let i = -22 + 6. Let x(r) = 4*r + 85. Calculate the remainder when 186 is divided by x(i).
18
Let y be ((-2)/(-4))/((-3)/12). Let i be (8/18)/(y/(-9)). Calculate the remainder when 42 is divided by (-559)/(-52) - i/(-8).
9
Let z(u) = u + 14. Let r be z(-12). Suppose -4*i = x - 19, -r + 6 = 4*x - 2*i. What is the remainder when x is divided by 3?
0
Suppose -d = -4*w - 105, 3*w + 3 = d - 107. What is the remainder when d is divided by 9?
8
Let k be (-3)/((-2 - 1)/(-9)). Let g be (-6)/(-1 + (-28)/(-20)). Let q = k - g. Calculate the remainder when q is divided by 4.
2
Let s(v) = 3*v**2 + 4*v - 51. Calculate the remainder when s(8) is divided by 88.
85
Let r = -189 - -132. Let m = -27 - r. Calculate the remainder when m is divided by 2676/4460 - (-1)/((-5)/(-37)).
6
Suppose 2*s + 38 + 68 = 4*d, -2*d + 63 = s. Suppose 2*h = 5 - 11, -236 = -2*j + 2*h. Calculate the remainder when j is divided by d.
28
Suppose 192 = 4*g - 7*l + 5*l, -2*l + 222 = 5*g. What is the remainder when g is divided by 3?
1
Let r = -18 - -27. Let g = 7 - r. What is the remainder when 36 is divided by g/6*(4 - 43)?
10
Let q be 0 + -1 - (1 - 6). Suppose q = p - 18. Let j = -94 - -100. What is the remainder when p is divided by j?
4
Let i = 8 - 3. Let h = i + -1. What is the remainder when 29 is divided by 116/8 - (-2)/h?
14
Let c(s) be the third derivative of 5*s**4/4 - 11*s**3/3 - 21*s**2. Calculate the remainder when c(6) is divided by 40.
38
Suppose -2*o + 247 + 23 = 0. Suppose -33 = -6*x + o. Calculate the remainder when x is divided by 5.
3
Let k = -191 - -18. Let m = 255 + k. Calculate the remainder when m is divided by 17.
14
Let o(q) = -q**3 + 13*q**2 + 17*q - 32. Suppose -5*a - c + 23 + 48 = 0, -4*a + 52 = -4*c. Calculate the remainder when 19 is divided by o(a).
9
Let c = 38 - 32. Calculate the remainder when 53 is divided by 24/(-36) + 70/c.
9
Suppose 55 - 15 = 2*w. Suppose 4*n - 24 = s, -4*s + 4 = 2*n + 10. Let t = w - n. What is the remainder when 59 is divided by t?
14
Suppose -4*p - w = -785, -2*p - 3*w + 787 = 2*p. Calculate the remainder when 27 is divided by (-80)/(-14) - (-56)/p.
3
What is the remainder when 602 is divided by -3 + -21*(-4)/12 - -51?
52
Let z = -60 - 0. Let l = 129 + z. Calculate the remainder when l is divided by 12.
9
Let q = -20 + -2. Let u(a) = -a**2 - 32*a - 40. Let j be u(-31). Let z = j - q. Calculate the remainder when z is divided by 8.
5
Let y(v) = v + 4. Let b be 15/(-10)*(-20)/6. Suppose p + b*z = 2*p + 8, 0 = -p - 2*z + 13. What is the remainder when p is divided by y(-2)?
1
Suppose 4*c - 85 = 3. Let p(l) = 2*l**2 - 9*l - 3. Calculate the remainder when p(-3) is divided by c.
20
Suppose 28 = -54*b + 55*b. What is the remainder when 104 is divided by b?
20
Suppose 0 = -2*u - u + 84. Suppose -5*y = -3*b - u, 5 + 9 = -3*b - 2*y. Let m(d) = d**2 + 3*d - 8. Calculate the remainder when 18 is divided by m(b).
8
What is the remainder when 67 is divided by (-8)/(-96)*188 + (-12)/(-9)?
16
Suppose -3*d + 4*q - 2*q + 447 = 0, -5*q + 720 = 5*d. What is the remainder when d is divided by 30?
27
Suppose -8*t + 33 = -7. Calculate the remainder when t is divided by ((-54)/(0 + -6))/3.
2
Let k(a) = 11*a + 20. Let g be k(6). Let h = g + -69. Calculate the remainder when 82 is divided by h.
14
Suppose -c = 5*p - 4, 3*p + 3*c = 8*p - 8. Calculate the remainder when (p - 31)/(-1) + 3 is divided by 17.
16
Let h(t) = -1 - 3*t - 4 + 0 - 2*t. What is the remainder when 57 is divided by h(-4)?
12
Let m = -474 - -761. What is the remainder when m is divided by 32?
31
Let s(b) = 3*b**3 + 3*b**2 - b - 2. Let x be s(2). Suppose 99*z - 97*z - x = 0. Calculate the remainder when 159 is divided by z.
15
Suppose -2*x - 5*q - 13 = 0, 334 - 344 = 2*q. Calculate the remainder when 55 is divided by x.
1
Suppose a + 27 = 4*g, -2*a + 5*a + 2*g + 67 = 0. Let w = 25 + a. Suppose w*f - 9 = q + 19, 4*f + 4*q = 68. What is the remainder when f is divided by 9?
6
Let m(b) = -66*b**3 + 6*b + 4. Let h be m(-2). Suppose 4*p - 8 = 0, -6*n - 5*p = -n - h. Calculate the remainder when n is divided by 13.
11
Let v(o) = o**3 + 7*o**2 - 2*o - 14. Let q be v(-7). Suppose 4*f + 8*f - 1008 = q. Calculate the remainder when f is divided by 30.
24
Suppose q + n - 162 = -0*q, -q + 165 = 2*n. What is the remainder when q is divided by 12?
3
Let h be 5*-14*(-1)/10. Let b(r) = r**2 - 7*r - 8. Let w be b(h). What is the remainder when 7 is divided by (-21)/(-6) + (-4)/w?
3
Let s(c) = 124*c - 120*c - 28 - 22. What is the remainder when 35 is divided by s(16)?
7
Suppose 4*u + 13 = 3*d + 105, 5*d + 115 = 5*u. Calculate the remainder when 68 is divided by u.
22
Calculate the remainder when 2/4*(-606)/(-3) is divided by 26.
23
Suppose -13*b + 8*b + 218 = -3*a, 0 = 3*b - 5*a - 134. What is the remainder when 214 is divided by b?
42
Let c(j) = -j**3 + 5*j**2 + 7*j + 66. Calculate the remainder when 645 is divided by c(6).
69
Let i(y) = y + 15. Let f be i(5). Calculate the remainder when (-6)/15*1 - (-1028)/f is divided by 27.
24
Let c(g) = g**3 - 4*g**2 - 4*g - 2. Let j = -13 + 21. Let r = j - 5. What is the remainder when r is divided by c(5)?
0
Let i be 6*(-3)/(-6) - 3. Suppose -v + 14 + 3 = -4*d, i = -2*v + 5*d + 49. What is the remainder when 73 is divided by v?
36
Let r be ((-8)/12)/((-19)/(-9) - 2). What is the remainder when 25 is divided by ((-8)/r - 0)*12?
9
Suppose -s = -3*l - 57, -l + 10 = 7. Calculate the remainder when s is divided by 25.
16
Let t = 106 + 332. Calculate the remainder when t is divided by 55.
53
Let j(u) = -u - 29. Let w be j(-28). Calculate the remainder when 24 is divided by (1 + w/(-2))/(24/208).
11
Suppose 101 = 3*n + 35. What is the remainder when n is divided by 8?
6
Suppose 0 = 60*y + 26*y - 860. What is the remainder when 657 is divided by y?
7
Suppose 1843 = 22*p - 21*p - 4*k, -5*p + 9181 = -3*k. Calculate the remainder when p is divided by 12.
11
Let f = 10 + -6. Suppose -f*h - 4 = 28. Let c(s) = -s**3 - 7*s**2 + 8*s + 3. Calculate the remainder when 7 is divided by c(h).
1
Suppose -73*n = -76*n + g + 129, -n - 2*g = -36. What is the remainder when 116 is divided by n?
32
Let k(i) = -i**2 - 14 + 14*i - 2*i + 6 + 0*i**2. Suppose 0 = s - 5*v + 8, 0 = -3*s + 3*v + 12. What is the remainder when k(8) is divided by s?
3
Let u = -40 - -41. What is the remainder when 60 is divided by (1 + 11/u)/(3/2)?
4
Suppose -5*g = -25, 19 = -3*t + 6*g - g. Let d(v) = -v**t + 8*v**3 - 3*v**2 - 9*v**3 + 10*v + 12 - 5*v**2. Calculate the remainder when 22 is divided by d(-10).
10
Let z(f) = -31*f - 831. What is the remainder when 275 is divided by z(-28)?
16
Suppose 408 + 142 = 10*v. Calculate the remainder when 493 is divided by v.
53
Let d(l) = l**3 - 9*l**2 - 10*l + 15. Let n be d(10). Let j = 41 - n. Let i(c) = -c**3 - 3*c**2 + c + 5. What is the remainder when i(-5) is divided by j?
24
Suppose -o - 8 = 3*o, -204 = -z + 4*o. Calculate the remainder when z is divided by 50.
46
Suppose 154 = 2*c + 4*g - 90, -c = g - 124. What is the remainder when c is divided by 44?
38
Suppose 1195 = -14*u + 229. Let h(n) = -6*n + 2. Let f be h(-3). What is the remainder when f/15*u/(-2) is divided by 12?
10
Suppose -5*y + 3 = 3*m, 0*y - 4 = -3*y - 4*m. Suppose 4*u - 11 - 25 = y. What is the remainder when 29 is divided by u?
2
Suppose -2*p + 68 = 2*p. Suppose 87 = -5*l + 267. Let j = l - 26. Calculate the remainder when p is divided by j.
7
Suppose 0 = 4*s - 2*n - 116, 3*s - 3*n + 40 = 121. What is the remainder when 648 is divided by s?
28
Let k = 463 + -228. What is the remainder when k is divided by (-1)/(-4) + (-402)/(-24)?
14
Suppose 5*r - 567 = 108. Let p = 32 - 15. What is the remainder when r is divided by p?
16
Let o(f) = f**2 - 3*f - 2*f + 2*f**2 - 7 + f**3 + 3. What is the remainder when (-9)/(-12)*4 - -38 is divided by o(-3)?
8
Let h(d) = -d + 42. Let s be h(14). Suppose -42 = -